{"id":39,"date":"2023-02-16T20:41:20","date_gmt":"2023-02-16T23:41:20","guid":{"rendered":"https:\/\/exactas.unsj.edu.ar\/raaa2023\/?page_id=39"},"modified":"2023-09-07T15:37:22","modified_gmt":"2023-09-07T18:37:22","slug":"la-reunion","status":"publish","type":"page","link":"https:\/\/exactas.unsj.edu.ar\/raaa2023\/la-reunion\/","title":{"rendered":"La Reuni\u00f3n"},"content":{"rendered":"<p>[et_pb_section fb_built=&#8221;1&#8243; admin_label=&#8221;fechas&#8221; _builder_version=&#8221;4.21.0&#8243; _module_preset=&#8221;default&#8221; top_divider_style=&#8221;arrow3&#8243; top_divider_color=&#8221;#0DA0C5&#8243; global_colors_info=&#8221;{}&#8221;][et_pb_row _builder_version=&#8221;4.20.2&#8243; _module_preset=&#8221;default&#8221; global_colors_info=&#8221;{}&#8221;][et_pb_column type=&#8221;4_4&#8243; _builder_version=&#8221;4.20.2&#8243; _module_preset=&#8221;default&#8221; global_colors_info=&#8221;{}&#8221;][et_pb_text admin_label=&#8221;fechas&#8221; _builder_version=&#8221;4.20.4&#8243; _module_preset=&#8221;default&#8221; text_text_color=&#8221;#E09900&#8243; text_font_size=&#8221;24px&#8221; text_orientation=&#8221;center&#8221; text_text_shadow_style=&#8221;preset4&#8243; global_colors_info=&#8221;{}&#8221;]<\/p>\n<h2 style=\"text-align: center;\"><span style=\"color: #0000ff;\"><strong>Fechas Importantes<\/strong><\/span><\/h2>\n<p>[\/et_pb_text][et_pb_image src=&#8221;https:\/\/exactas.unsj.edu.ar\/raaa2023\/wp-content\/uploads\/2023\/05\/Screenshot-from-2023-05-19-15-38-27.png&#8221; title_text=&#8221;Screenshot from 2023-05-19 15-38-27&#8243; _builder_version=&#8221;4.21.0&#8243; _module_preset=&#8221;default&#8221; global_colors_info=&#8221;{}&#8221;][\/et_pb_image][\/et_pb_column][\/et_pb_row][et_pb_row column_structure=&#8221;1_2,1_2&#8243; _builder_version=&#8221;4.21.0&#8243; _module_preset=&#8221;default&#8221; global_colors_info=&#8221;{}&#8221;][et_pb_column type=&#8221;1_2&#8243; _builder_version=&#8221;4.21.0&#8243; _module_preset=&#8221;default&#8221; global_colors_info=&#8221;{}&#8221;][et_pb_text _builder_version=&#8221;4.21.0&#8243; _module_preset=&#8221;default&#8221; global_colors_info=&#8221;{}&#8221;]<\/p>\n<h4>Para inscribirse complete el <span style=\"color: #000080;\"><strong><a style=\"color: #000080;\" href=\"https:\/\/forms.gle\/mqfqxsnuYxkQaZy69\" target=\"_blank\" rel=\"noopener\">Formulario<\/a><\/strong><\/span>.<\/h4>\n<p>[\/et_pb_text][\/et_pb_column][et_pb_column type=&#8221;1_2&#8243; _builder_version=&#8221;4.21.0&#8243; _module_preset=&#8221;default&#8221; global_colors_info=&#8221;{}&#8221;][et_pb_text _builder_version=&#8221;4.21.0&#8243; _module_preset=&#8221;default&#8221; global_colors_info=&#8221;{}&#8221;]<\/p>\n<h4><span style=\"color: #000080;\"><strong><a style=\"color: #000080;\" href=\"http:\/\/sigma.fcaglp.unlp.edu.ar\/\" target=\"_blank\" rel=\"noopener\">Aqui<\/a><\/strong><\/span> puede enviar el resumen de su presentaci\u00f3n a partir del 1 de junio. Por consultas sobre el envio del Resumen comuniquese a editor.baaa@gmail.com<\/h4>\n<p>[\/et_pb_text][\/et_pb_column][\/et_pb_row][et_pb_row _builder_version=&#8221;4.21.0&#8243; _module_preset=&#8221;default&#8221; global_colors_info=&#8221;{}&#8221;][et_pb_column type=&#8221;4_4&#8243; _builder_version=&#8221;4.21.0&#8243; _module_preset=&#8221;default&#8221; global_colors_info=&#8221;{}&#8221;][et_pb_text _builder_version=&#8221;4.22.1&#8243; _module_preset=&#8221;default&#8221; hover_enabled=&#8221;0&#8243; global_colors_info=&#8221;{}&#8221; sticky_enabled=&#8221;0&#8243;]<\/p>\n<h4 style=\"text-align: center;\"><strong><a href=\"https:\/\/exactas.unsj.edu.ar\/raaa2023\/inscriptos\/\">Aca<\/a> <\/strong>puede consultar la lista de inscriptos. La lista se actualiza cada 24 hs.<\/h4>\n<h3><span style=\"color: #ff0000;\">Si usted no se encuentra en la lista por favor complete el <em><strong><a style=\"color: #ff0000;\" href=\"https:\/\/forms.gle\/Rp34YAXDz1vi6Waj7\" target=\"_blank\" rel=\"noopener\">formulario<\/a><\/strong><\/em>!!!<\/span><\/h3>\n<p>[\/et_pb_text][\/et_pb_column][\/et_pb_row][\/et_pb_section][et_pb_section fb_built=&#8221;1&#8243; admin_label=&#8221;cena&#8221; _builder_version=&#8221;4.22.1&#8243; _module_preset=&#8221;default&#8221; top_divider_style=&#8221;arrow3&#8243; top_divider_color=&#8221;#E09900&#8243; global_colors_info=&#8221;{}&#8221;][et_pb_row admin_label=&#8221;cena&#8221; _builder_version=&#8221;4.22.1&#8243; _module_preset=&#8221;default&#8221; global_colors_info=&#8221;{}&#8221;][et_pb_column type=&#8221;4_4&#8243; _builder_version=&#8221;4.22.1&#8243; _module_preset=&#8221;default&#8221; global_colors_info=&#8221;{}&#8221;][et_pb_text _builder_version=&#8221;4.22.1&#8243; _module_preset=&#8221;default&#8221; global_colors_info=&#8221;{}&#8221;]<\/p>\n<h1 style=\"text-align: center;\"><span style=\"color: #ff6600;\"><strong>Cena de Camaraderia<\/strong><\/span><\/h1>\n<h3>Para participar de la Cena de Camaraderia siga este <span style=\"color: #000080;\"><strong><a style=\"color: #000080;\" href=\"https:\/\/exactas.unsj.edu.ar\/raaa2023\/cena\/\" target=\"_blank\" rel=\"noopener\">link<\/a><\/strong><\/span>.<\/h3>\n<p>[\/et_pb_text][\/et_pb_column][\/et_pb_row][et_pb_row admin_label=&#8221;viaje&#8221; _builder_version=&#8221;4.22.1&#8243; _module_preset=&#8221;default&#8221; global_colors_info=&#8221;{}&#8221;][et_pb_column type=&#8221;4_4&#8243; _builder_version=&#8221;4.22.1&#8243; _module_preset=&#8221;default&#8221; global_colors_info=&#8221;{}&#8221;][et_pb_text _builder_version=&#8221;4.22.1&#8243; _module_preset=&#8221;default&#8221; global_colors_info=&#8221;{}&#8221;]<\/p>\n<h1 style=\"text-align: center;\"><span style=\"color: #ff6600;\"><strong>Viaje a los observatorios<\/strong><\/span><\/h1>\n<h3>Para participar de la visita a los observatorios por favor siga este <strong><span style=\"color: #000080;\"><a style=\"color: #000080;\" href=\"https:\/\/exactas.unsj.edu.ar\/raaa2023\/viaje\/\" target=\"_blank\" rel=\"noopener\">link<\/a><\/span><\/strong>.<\/h3>\n<p>[\/et_pb_text][\/et_pb_column][\/et_pb_row][\/et_pb_section][et_pb_section fb_built=&#8221;1&#8243; admin_label=&#8221;circulares&#8221; _builder_version=&#8221;4.21.0&#8243; _module_preset=&#8221;default&#8221; top_divider_style=&#8221;arrow3&#8243; top_divider_color=&#8221;#E09900&#8243; global_colors_info=&#8221;{}&#8221;][et_pb_row _builder_version=&#8221;4.20.2&#8243; _module_preset=&#8221;default&#8221; global_colors_info=&#8221;{}&#8221;][et_pb_column type=&#8221;4_4&#8243; _builder_version=&#8221;4.20.2&#8243; _module_preset=&#8221;default&#8221; global_colors_info=&#8221;{}&#8221;][et_pb_text admin_label=&#8221;circulares&#8221; _builder_version=&#8221;4.20.4&#8243; _module_preset=&#8221;default&#8221; global_colors_info=&#8221;{}&#8221;]<\/p>\n<h2 style=\"text-align: center;\">Circulares<\/h2>\n<p>[\/et_pb_text][et_pb_text _builder_version=&#8221;4.20.4&#8243; _module_preset=&#8221;default&#8221; global_colors_info=&#8221;{}&#8221;]<\/p>\n<p>La reuni\u00f3n se llevar\u00e1 a cabo del 18 al 22 de septiembre de 2023 de manera PRESENCIAL en la Ciudad de San Juan (<a href=\"https:\/\/exactas.unsj.edu.ar\/raaa2023\/sede\/\">Locaci\u00f3n<\/a>).<\/p>\n<p>[\/et_pb_text][\/et_pb_column][\/et_pb_row][et_pb_row column_structure=&#8221;1_3,1_3,1_3&#8243; _builder_version=&#8221;4.20.4&#8243; _module_preset=&#8221;default&#8221; global_colors_info=&#8221;{}&#8221;][et_pb_column type=&#8221;1_3&#8243; _builder_version=&#8221;4.20.4&#8243; _module_preset=&#8221;default&#8221; global_colors_info=&#8221;{}&#8221;][et_pb_blurb admin_label=&#8221;Blurb&#8221; _builder_version=&#8221;4.21.0&#8243; _module_preset=&#8221;default&#8221; body_text_color=&#8221;#E09900&#8243; global_colors_info=&#8221;{}&#8221;]<\/p>\n<h2><a href=\"https:\/\/drive.google.com\/file\/d\/1mRuVxotu_esG8M4Pz7ZtpwvtQKKqliGY\/view?usp=share_link\" target=\"_blank\" rel=\"noopener\">Primera circular<\/a><\/h2>\n<p>[\/et_pb_blurb][\/et_pb_column][et_pb_column type=&#8221;1_3&#8243; _builder_version=&#8221;4.20.4&#8243; _module_preset=&#8221;default&#8221; global_colors_info=&#8221;{}&#8221;][et_pb_blurb _builder_version=&#8221;4.21.0&#8243; _module_preset=&#8221;default&#8221; global_colors_info=&#8221;{}&#8221;]<\/p>\n<h2><a href=\"https:\/\/drive.google.com\/file\/d\/1-jszo6qNH7MKm0UPbfxUHUz9eJBd4Rnb\/view?usp=share_link\" target=\"_blank\" rel=\"noopener\">Segunda circular<\/a><\/h2>\n<p>[\/et_pb_blurb][\/et_pb_column][et_pb_column type=&#8221;1_3&#8243; _builder_version=&#8221;4.20.4&#8243; _module_preset=&#8221;default&#8221; global_colors_info=&#8221;{}&#8221;][et_pb_blurb _builder_version=&#8221;4.22.0&#8243; _module_preset=&#8221;default&#8221; global_colors_info=&#8221;{}&#8221;]<\/p>\n<h2>Tercera Circular<\/h2>\n<p>[\/et_pb_blurb][\/et_pb_column][\/et_pb_row][et_pb_row column_structure=&#8221;1_3,1_3,1_3&#8243; _builder_version=&#8221;4.20.2&#8243; _module_preset=&#8221;default&#8221; global_colors_info=&#8221;{}&#8221;][et_pb_column type=&#8221;1_3&#8243; _builder_version=&#8221;4.20.2&#8243; _module_preset=&#8221;default&#8221; global_colors_info=&#8221;{}&#8221;][et_pb_image src=&#8221;https:\/\/exactas.unsj.edu.ar\/raaa2023\/wp-content\/uploads\/2023\/05\/circular1.jpeg&#8221; title_text=&#8221;circular1&#8243; _builder_version=&#8221;4.21.0&#8243; _module_preset=&#8221;default&#8221; global_colors_info=&#8221;{}&#8221;][\/et_pb_image][\/et_pb_column][et_pb_column type=&#8221;1_3&#8243; _builder_version=&#8221;4.20.2&#8243; _module_preset=&#8221;default&#8221; global_colors_info=&#8221;{}&#8221;][et_pb_image src=&#8221;https:\/\/exactas.unsj.edu.ar\/raaa2023\/wp-content\/uploads\/2023\/06\/CharlasInvitadas.jpeg&#8221; title_text=&#8221;CharlasInvitadas&#8221; _builder_version=&#8221;4.21.0&#8243; _module_preset=&#8221;default&#8221; global_colors_info=&#8221;{}&#8221;][\/et_pb_image][\/et_pb_column][et_pb_column type=&#8221;1_3&#8243; _builder_version=&#8221;4.20.2&#8243; _module_preset=&#8221;default&#8221; global_colors_info=&#8221;{}&#8221;][et_pb_image src=&#8221;https:\/\/exactas.unsj.edu.ar\/raaa2023\/wp-content\/uploads\/2023\/08\/tercera_circular.jpeg&#8221; title_text=&#8221;tercera_circular&#8221; _builder_version=&#8221;4.22.0&#8243; _module_preset=&#8221;default&#8221; global_colors_info=&#8221;{}&#8221;][\/et_pb_image][\/et_pb_column][\/et_pb_row][et_pb_row column_structure=&#8221;1_3,1_3,1_3&#8243; _builder_version=&#8221;4.22.1&#8243; _module_preset=&#8221;default&#8221; global_colors_info=&#8221;{}&#8221;][et_pb_column type=&#8221;1_3&#8243; _builder_version=&#8221;4.22.1&#8243; _module_preset=&#8221;default&#8221; global_colors_info=&#8221;{}&#8221;][et_pb_blurb _builder_version=&#8221;4.22.1&#8243; _module_preset=&#8221;default&#8221; global_colors_info=&#8221;{}&#8221;]<\/p>\n<h2>Cuarta circular<\/h2>\n<p>[\/et_pb_blurb][et_pb_image src=&#8221;https:\/\/exactas.unsj.edu.ar\/raaa2023\/wp-content\/uploads\/2023\/09\/circular4.jpg&#8221; title_text=&#8221;circular4&#8243; _builder_version=&#8221;4.22.1&#8243; _module_preset=&#8221;default&#8221; global_colors_info=&#8221;{}&#8221;][\/et_pb_image][\/et_pb_column][et_pb_column type=&#8221;1_3&#8243; _builder_version=&#8221;4.22.1&#8243; _module_preset=&#8221;default&#8221; global_colors_info=&#8221;{}&#8221;][\/et_pb_column][et_pb_column type=&#8221;1_3&#8243; _builder_version=&#8221;4.22.1&#8243; _module_preset=&#8221;default&#8221; global_colors_info=&#8221;{}&#8221;][\/et_pb_column][\/et_pb_row][\/et_pb_section][et_pb_section fb_built=&#8221;1&#8243; admin_label=&#8221;Inscripcion&#8221; _builder_version=&#8221;4.21.0&#8243; _module_preset=&#8221;default&#8221; top_divider_style=&#8221;arrow3&#8243; top_divider_color=&#8221;#FFF347&#8243; collapsed=&#8221;off&#8221; global_colors_info=&#8221;{}&#8221;][et_pb_row _builder_version=&#8221;4.20.2&#8243; _module_preset=&#8221;default&#8221; global_colors_info=&#8221;{}&#8221;][et_pb_column type=&#8221;4_4&#8243; _builder_version=&#8221;4.20.2&#8243; _module_preset=&#8221;default&#8221; global_colors_info=&#8221;{}&#8221;][et_pb_text admin_label=&#8221;inscripcion&#8221; _builder_version=&#8221;4.21.0&#8243; _module_preset=&#8221;default&#8221; global_colors_info=&#8221;{}&#8221;]<\/p>\n<h1 style=\"text-align: center;\"><span style=\"color: #3366ff;\"><strong>Inscripcion a la RAAA65<\/strong><\/span><\/h1>\n<p>[\/et_pb_text][et_pb_text admin_label=&#8221;como insc&#8221; _builder_version=&#8221;4.21.0&#8243; _module_preset=&#8221;default&#8221; global_colors_info=&#8221;{}&#8221;]<\/p>\n<h4>La inscripci\u00f3n a la RAAA65 puede realizarse en la instancia anticipada (19\/5 &#8211; 30\/6), Temprana (1\/7 &#8211; 22\/8) o Regular (desde el 23\/8). Para estar inscripto es necesario:<\/h4>\n<p>[\/et_pb_text][et_pb_text admin_label=&#8221;paso1&#8243; _builder_version=&#8221;4.21.0&#8243; _module_preset=&#8221;default&#8221; global_colors_info=&#8221;{}&#8221;]<\/p>\n<h4 style=\"text-align: center;\">1) Completar sus datos en el <span style=\"color: #000080;\"><strong><a style=\"color: #000080;\" href=\"https:\/\/forms.gle\/mqfqxsnuYxkQaZy69\" target=\"_blank\" rel=\"noopener\">formulario<\/a><\/strong><\/span> de inscripci\u00f3n.<\/h4>\n<h5 style=\"text-align: center;\"><span style=\"color: #333333;\">Tenga en cuenta las tasas de inscripci\u00f3n de acuerdo al siguiente cuadro:<\/span><\/h5>\n<p>[\/et_pb_text][et_pb_image src=&#8221;https:\/\/exactas.unsj.edu.ar\/raaa2023\/wp-content\/uploads\/2023\/07\/tasa_insc2.png&#8221; title_text=&#8221;tasa_insc2&#8243; admin_label=&#8221;valor insc&#8221; _builder_version=&#8221;4.21.0&#8243; _module_preset=&#8221;default&#8221; global_colors_info=&#8221;{}&#8221;][\/et_pb_image][et_pb_text admin_label=&#8221;Text alumno&#8221; _builder_version=&#8221;4.21.0&#8243; _module_preset=&#8221;default&#8221; global_colors_info=&#8221;{}&#8221;]<\/p>\n<h5><span style=\"color: #ff0000;\">Si es estudiante de grado o posgrado por favor junto con el comprobante de pago env\u00ede el certificado de alumno regular para completar la inscripci\u00f3n.<\/span><\/h5>\n<p>&nbsp;<\/p>\n<p>[\/et_pb_text][et_pb_text admin_label=&#8221;Text&#8221; _builder_version=&#8221;4.21.0&#8243; _module_preset=&#8221;default&#8221; global_colors_info=&#8221;{}&#8221;]<\/p>\n<p>Si Ud. es miembro de la Asociaci\u00f3n F\u00edsica Argentina (AFA), tenga en cuenta la siguiente relaci\u00f3n entre las categor\u00edas societarias de la AFA y las de la AAA:<\/p>\n<p style=\"text-align: center;\">Estudiante (AFA) \u00a0\u00a0~ \u00a0\u00a0Adherente (AAA)<br \/>\u00a0\u00a0Activo (AFA) \u00a0\u00a0\u00a0\u00a0\u00a0\u00a0\u00a0\u00a0\u00a0\u00a0 ~ \u00a0\u00a0Profesional (AAA)<br \/>Honorario (AFA) \u00a0\u00a0\u00a0~ \u00a0\u00a0Honorario (AAA)<\/p>\n<p>&nbsp;<\/p>\n<p>[\/et_pb_text][et_pb_text admin_label=&#8221;paso2a&#8221; _builder_version=&#8221;4.21.0&#8243; _module_preset=&#8221;default&#8221; global_colors_info=&#8221;{}&#8221;]<\/p>\n<h4 style=\"text-align: left;\"><span style=\"color: #000000;\">2) Realizar el pago de su inscripci\u00f3n a trav\u00e9s de una transferencia bancaria a la cuenta corriente de la Asociaci\u00f3n Argentina de Astronom\u00eda:<\/span><\/h4>\n<p style=\"text-align: center;\">[\/et_pb_text][et_pb_blurb admin_label=&#8221;paso 2&#8243; _builder_version=&#8221;4.21.0&#8243; _module_preset=&#8221;default&#8221; global_colors_info=&#8221;{}&#8221;]<\/p>\n<p>__________________________________<\/p>\n<p><strong><span style=\"color: #000080;\">BANCO:<\/span> BBVA Banco Frances<\/strong><br \/><strong><span style=\"color: #000080;\">CBU:<\/span> 0170309020000031559542<\/strong><br \/><strong><span style=\"color: #000080;\">ALIAS:<\/span> aaastro<\/strong><br \/><strong><span style=\"color: #000080;\">TITULAR:<\/span> Asociaci\u00f3n Argentina de Astronom\u00eda<\/strong><br \/><strong><span style=\"color: #000080;\">CUIT:<\/span> 30-70968119-9<\/strong><br \/><strong>Cuenta corriente en pesos N\u00ba 309-315595\/4<\/strong><\/p>\n<p>__________________________________<\/p>\n<p>[\/et_pb_blurb][et_pb_text admin_label=&#8221;paso3&#8243; _builder_version=&#8221;4.21.0&#8243; _module_preset=&#8221;default&#8221; global_colors_info=&#8221;{}&#8221;]<\/p>\n<h4>3) Enviar el comprobante de pago a los siguientes correos electr\u00f3nicos: raaa65@unsj-cuim.edu.ar y aaatesoreria@gmail.com. Es muy importante que el asunto diga: &#8220;Inscripci\u00f3n: Nombre y Apellido&#8221;.<\/h4>\n<p>[\/et_pb_text][\/et_pb_column][\/et_pb_row][et_pb_row admin_label=&#8221;ayudas&#8221; _builder_version=&#8221;4.21.0&#8243; _module_preset=&#8221;default&#8221; global_colors_info=&#8221;{}&#8221;][et_pb_column type=&#8221;4_4&#8243; _builder_version=&#8221;4.21.0&#8243; _module_preset=&#8221;default&#8221; global_colors_info=&#8221;{}&#8221;][et_pb_blurb title=&#8221;Ayudas econ\u00f3micas&#8221; _builder_version=&#8221;4.21.0&#8243; _module_preset=&#8221;default&#8221; border_width_all=&#8221;4px&#8221; border_color_all=&#8221;#007FE0&#8243; global_colors_info=&#8221;{}&#8221;]<\/p>\n<h4>\u00a0<\/h4>\n<h4><span style=\"color: #333333;\">Puede solicitarse a trav\u00e9s del formulario de Inscripci\u00f3n. La misma ser\u00e1 otorgada, de acuerdo a los fondos con los que cuente el comit\u00e9 organizador de la reuni\u00f3n y se informar\u00e1 antes del cierre de la Inscripci\u00f3n Temprana. Las y los estudiantes SOCIOS de la AAA, que presenten trabajos, tendr\u00e1n prioridad para la asignaci\u00f3n de ayudas econ\u00f3micas en el marco de la reglamentaci\u00f3n vigente.<\/span><\/h4>\n<h4>\u00a0<\/h4>\n<h4>Sigue vigente <a href=\"https:\/\/drive.google.com\/file\/d\/1q5puSdvkOBswFqkUdX3MzJzOOmT3LxFt\/view?usp=share_link\" target=\"_blank\" rel=\"noopener\"><span style=\"color: #000080;\">ayuda econ\u00f3mica<\/span><\/a> para solventar Gastos por Tareas de Cuidado de Personas a Cargo. Ver el flyer informativo m\u00e1s abajo. Ante cualquier duda sobre este tema podr\u00e1 comunicarse con la Dra. Fernanda Duplancic: fernandaduplancic@gmail.com<\/h4>\n<p>[\/et_pb_blurb][\/et_pb_column][\/et_pb_row][et_pb_row _builder_version=&#8221;4.21.0&#8243; _module_preset=&#8221;default&#8221; border_width_all=&#8221;11px&#8221; border_color_all=&#8221;#E09900&#8243; locked=&#8221;off&#8221; global_colors_info=&#8221;{}&#8221;][et_pb_column type=&#8221;4_4&#8243; _builder_version=&#8221;4.21.0&#8243; _module_preset=&#8221;default&#8221; global_colors_info=&#8221;{}&#8221;][et_pb_blurb title=&#8221;Informaci\u00f3n para solicitar subsidio para cuidado de persona a cargo.&#8221; image=&#8221;https:\/\/exactas.unsj.edu.ar\/raaa2023\/wp-content\/uploads\/2023\/05\/WhatsApp-Image-2023-05-18-at-16.07.15.jpeg&#8221; image_icon_width=&#8221;200%&#8221; content_max_width=&#8221;1100px&#8221; _builder_version=&#8221;4.21.0&#8243; _module_preset=&#8221;default&#8221; header_level=&#8221;h2&#8243; global_colors_info=&#8221;{}&#8221;][\/et_pb_blurb][\/et_pb_column][\/et_pb_row][\/et_pb_section]<\/p>\n","protected":false},"excerpt":{"rendered":"<p>Fechas ImportantesPara inscribirse complete el Formulario.Aqui puede enviar el resumen de su presentaci\u00f3n a partir del 1 de junio. Por consultas sobre el envio del Resumen comuniquese a editor.baaa@gmail.comAca puede consultar la lista de inscriptos. La lista se actualiza cada 24 hs. Si usted no se encuentra en la lista por favor complete el formulario!!!Cena [&hellip;]<\/p>\n","protected":false},"author":1,"featured_media":0,"parent":0,"menu_order":0,"comment_status":"closed","ping_status":"closed","template":"","meta":{"nf_dc_page":"","_et_pb_use_builder":"on","_et_pb_old_content":"","_et_gb_content_width":"","_monsterinsights_skip_tracking":false,"_monsterinsights_sitenote_active":false,"_monsterinsights_sitenote_note":"","_monsterinsights_sitenote_category":0,"footnotes":""},"class_list":["post-39","page","type-page","status-publish","hentry"],"yoast_head":"<!-- This site is optimized with the Yoast SEO plugin v27.4 - https:\/\/yoast.com\/product\/yoast-seo-wordpress\/ -->\n<title>La Reuni\u00f3n - 65a Reuni\u00f3n Anual de la Asociaci\u00f3n Argentina de Astronom\u00eda<\/title>\n<meta name=\"description\" content=\"Informaci\u00f3n sobre la 65a Reunion de la Asoc. Argentina de Astronom\u00eda\" \/>\n<meta name=\"robots\" content=\"index, follow, max-snippet:-1, max-image-preview:large, max-video-preview:-1\" \/>\n<link rel=\"canonical\" href=\"https:\/\/exactas.unsj.edu.ar\/raaa2023\/la-reunion\/\" \/>\n<meta property=\"og:locale\" content=\"es_ES\" \/>\n<meta property=\"og:type\" content=\"article\" \/>\n<meta property=\"og:title\" content=\"La Reuni\u00f3n - 65a Reuni\u00f3n Anual de la Asociaci\u00f3n Argentina de Astronom\u00eda\" \/>\n<meta property=\"og:description\" content=\"Informaci\u00f3n sobre la 65a Reunion de la Asoc. Argentina de Astronom\u00eda\" \/>\n<meta property=\"og:url\" content=\"https:\/\/exactas.unsj.edu.ar\/raaa2023\/la-reunion\/\" \/>\n<meta property=\"og:site_name\" content=\"65a Reuni\u00f3n Anual de la Asociaci\u00f3n Argentina de Astronom\u00eda\" \/>\n<meta property=\"article:modified_time\" content=\"2023-09-07T18:37:22+00:00\" \/>\n<meta name=\"twitter:card\" content=\"summary_large_image\" \/>\n<meta name=\"twitter:label1\" content=\"Tiempo de lectura\" \/>\n\t<meta name=\"twitter:data1\" content=\"4 minutos\" \/>\n<script type=\"application\/ld+json\" class=\"yoast-schema-graph\">{\"@context\":\"https:\\\/\\\/schema.org\",\"@graph\":[{\"@type\":\"WebPage\",\"@id\":\"https:\\\/\\\/exactas.unsj.edu.ar\\\/raaa2023\\\/la-reunion\\\/\",\"url\":\"https:\\\/\\\/exactas.unsj.edu.ar\\\/raaa2023\\\/la-reunion\\\/\",\"name\":\"La Reuni\u00f3n - 65a Reuni\u00f3n Anual de la Asociaci\u00f3n Argentina de Astronom\u00eda\",\"isPartOf\":{\"@id\":\"https:\\\/\\\/exactas.unsj.edu.ar\\\/raaa2023\\\/#website\"},\"datePublished\":\"2023-02-16T23:41:20+00:00\",\"dateModified\":\"2023-09-07T18:37:22+00:00\",\"description\":\"Informaci\u00f3n sobre la 65a Reunion de la Asoc. Argentina de Astronom\u00eda\",\"breadcrumb\":{\"@id\":\"https:\\\/\\\/exactas.unsj.edu.ar\\\/raaa2023\\\/la-reunion\\\/#breadcrumb\"},\"inLanguage\":\"es-AR\",\"potentialAction\":[{\"@type\":\"ReadAction\",\"target\":[\"https:\\\/\\\/exactas.unsj.edu.ar\\\/raaa2023\\\/la-reunion\\\/\"]}]},{\"@type\":\"BreadcrumbList\",\"@id\":\"https:\\\/\\\/exactas.unsj.edu.ar\\\/raaa2023\\\/la-reunion\\\/#breadcrumb\",\"itemListElement\":[{\"@type\":\"ListItem\",\"position\":1,\"name\":\"Home\",\"item\":\"https:\\\/\\\/exactas.unsj.edu.ar\\\/raaa2023\\\/\"},{\"@type\":\"ListItem\",\"position\":2,\"name\":\"La Reuni\u00f3n\"}]},{\"@type\":\"WebSite\",\"@id\":\"https:\\\/\\\/exactas.unsj.edu.ar\\\/raaa2023\\\/#website\",\"url\":\"https:\\\/\\\/exactas.unsj.edu.ar\\\/raaa2023\\\/\",\"name\":\"65a Reuni\u00f3n Anual de la Asociaci\u00f3n Argentina de Astronom\u00eda\",\"description\":\"San Juan 2023\",\"potentialAction\":[{\"@type\":\"SearchAction\",\"target\":{\"@type\":\"EntryPoint\",\"urlTemplate\":\"https:\\\/\\\/exactas.unsj.edu.ar\\\/raaa2023\\\/?s={search_term_string}\"},\"query-input\":{\"@type\":\"PropertyValueSpecification\",\"valueRequired\":true,\"valueName\":\"search_term_string\"}}],\"inLanguage\":\"es-AR\"}]}<\/script>\n<!-- \/ Yoast SEO plugin. -->","yoast_head_json":{"title":"La Reuni\u00f3n - 65a Reuni\u00f3n Anual de la Asociaci\u00f3n Argentina de Astronom\u00eda","description":"Informaci\u00f3n sobre la 65a Reunion de la Asoc. Argentina de Astronom\u00eda","robots":{"index":"index","follow":"follow","max-snippet":"max-snippet:-1","max-image-preview":"max-image-preview:large","max-video-preview":"max-video-preview:-1"},"canonical":"https:\/\/exactas.unsj.edu.ar\/raaa2023\/la-reunion\/","og_locale":"es_ES","og_type":"article","og_title":"La Reuni\u00f3n - 65a Reuni\u00f3n Anual de la Asociaci\u00f3n Argentina de Astronom\u00eda","og_description":"Informaci\u00f3n sobre la 65a Reunion de la Asoc. Argentina de Astronom\u00eda","og_url":"https:\/\/exactas.unsj.edu.ar\/raaa2023\/la-reunion\/","og_site_name":"65a Reuni\u00f3n Anual de la Asociaci\u00f3n Argentina de Astronom\u00eda","article_modified_time":"2023-09-07T18:37:22+00:00","twitter_card":"summary_large_image","twitter_misc":{"Tiempo de lectura":"4 minutos"},"schema":{"@context":"https:\/\/schema.org","@graph":[{"@type":"WebPage","@id":"https:\/\/exactas.unsj.edu.ar\/raaa2023\/la-reunion\/","url":"https:\/\/exactas.unsj.edu.ar\/raaa2023\/la-reunion\/","name":"La Reuni\u00f3n - 65a Reuni\u00f3n Anual de la Asociaci\u00f3n Argentina de Astronom\u00eda","isPartOf":{"@id":"https:\/\/exactas.unsj.edu.ar\/raaa2023\/#website"},"datePublished":"2023-02-16T23:41:20+00:00","dateModified":"2023-09-07T18:37:22+00:00","description":"Informaci\u00f3n sobre la 65a Reunion de la Asoc. Argentina de Astronom\u00eda","breadcrumb":{"@id":"https:\/\/exactas.unsj.edu.ar\/raaa2023\/la-reunion\/#breadcrumb"},"inLanguage":"es-AR","potentialAction":[{"@type":"ReadAction","target":["https:\/\/exactas.unsj.edu.ar\/raaa2023\/la-reunion\/"]}]},{"@type":"BreadcrumbList","@id":"https:\/\/exactas.unsj.edu.ar\/raaa2023\/la-reunion\/#breadcrumb","itemListElement":[{"@type":"ListItem","position":1,"name":"Home","item":"https:\/\/exactas.unsj.edu.ar\/raaa2023\/"},{"@type":"ListItem","position":2,"name":"La Reuni\u00f3n"}]},{"@type":"WebSite","@id":"https:\/\/exactas.unsj.edu.ar\/raaa2023\/#website","url":"https:\/\/exactas.unsj.edu.ar\/raaa2023\/","name":"65a Reuni\u00f3n Anual de la Asociaci\u00f3n Argentina de Astronom\u00eda","description":"San Juan 2023","potentialAction":[{"@type":"SearchAction","target":{"@type":"EntryPoint","urlTemplate":"https:\/\/exactas.unsj.edu.ar\/raaa2023\/?s={search_term_string}"},"query-input":{"@type":"PropertyValueSpecification","valueRequired":true,"valueName":"search_term_string"}}],"inLanguage":"es-AR"}]}},"jetpack_sharing_enabled":true,"_links":{"self":[{"href":"https:\/\/exactas.unsj.edu.ar\/raaa2023\/wp-json\/wp\/v2\/pages\/39","targetHints":{"allow":["GET"]}}],"collection":[{"href":"https:\/\/exactas.unsj.edu.ar\/raaa2023\/wp-json\/wp\/v2\/pages"}],"about":[{"href":"https:\/\/exactas.unsj.edu.ar\/raaa2023\/wp-json\/wp\/v2\/types\/page"}],"author":[{"embeddable":true,"href":"https:\/\/exactas.unsj.edu.ar\/raaa2023\/wp-json\/wp\/v2\/users\/1"}],"replies":[{"embeddable":true,"href":"https:\/\/exactas.unsj.edu.ar\/raaa2023\/wp-json\/wp\/v2\/comments?post=39"}],"version-history":[{"count":5,"href":"https:\/\/exactas.unsj.edu.ar\/raaa2023\/wp-json\/wp\/v2\/pages\/39\/revisions"}],"predecessor-version":[{"id":1018,"href":"https:\/\/exactas.unsj.edu.ar\/raaa2023\/wp-json\/wp\/v2\/pages\/39\/revisions\/1018"}],"wp:attachment":[{"href":"https:\/\/exactas.unsj.edu.ar\/raaa2023\/wp-json\/wp\/v2\/media?parent=39"}],"curies":[{"name":"wp","href":"https:\/\/api.w.org\/{rel}","templated":true}]}}